{"id":61,"date":"2019-11-20T13:32:56","date_gmt":"2019-11-20T12:32:56","guid":{"rendered":"https:\/\/inesangelli.ch\/?page_id=61"},"modified":"2021-11-04T18:45:24","modified_gmt":"2021-11-04T17:45:24","slug":"balsam","status":"publish","type":"page","link":"https:\/\/inesangelli.ch\/index.php\/balsam\/","title":{"rendered":"CD Balsam"},"content":{"rendered":"\t\t<div data-elementor-type=\"wp-post\" data-elementor-id=\"61\" class=\"elementor elementor-61\">\n\t\t\t\t\t\t<div class=\"elementor-inner\">\n\t\t\t\t<div class=\"elementor-section-wrap\">\n\t\t\t\t\t\t\t\t\t<section class=\"elementor-section elementor-top-section elementor-element elementor-element-8aba194 elementor-section-stretched elementor-section-full_width elementor-section-content-bottom elementor-section-height-default elementor-section-height-default\" data-id=\"8aba194\" data-element_type=\"section\" data-settings=\"{&quot;stretch_section&quot;:&quot;section-stretched&quot;,&quot;background_background&quot;:&quot;classic&quot;,&quot;shape_divider_bottom&quot;:&quot;opacity-fan&quot;}\">\n\t\t\t\t\t\t\t<div class=\"elementor-background-overlay\"><\/div>\n\t\t\t\t\t\t<div class=\"elementor-shape elementor-shape-bottom\" data-negative=\"false\">\n\t\t\t<svg xmlns=\"http:\/\/www.w3.org\/2000\/svg\" viewBox=\"0 0 283.5 19.6\" preserveAspectRatio=\"none\">\n\t<path class=\"elementor-shape-fill\" style=\"opacity:0.33\" d=\"M0 0L0 18.8 141.8 4.1 283.5 18.8 283.5 0z\"\/>\n\t<path class=\"elementor-shape-fill\" style=\"opacity:0.33\" d=\"M0 0L0 12.6 141.8 4 283.5 12.6 283.5 0z\"\/>\n\t<path class=\"elementor-shape-fill\" style=\"opacity:0.33\" d=\"M0 0L0 6.4 141.8 4 283.5 6.4 283.5 0z\"\/>\n\t<path class=\"elementor-shape-fill\" d=\"M0 0L0 1.2 141.8 4 283.5 1.2 283.5 0z\"\/>\n<\/svg>\t\t<\/div>\n\t\t\t\t\t<div class=\"elementor-container elementor-column-gap-default\">\n\t\t\t\t\t\t\t<div class=\"elementor-row\">\n\t\t\t\t\t<div class=\"elementor-column elementor-col-33 elementor-top-column elementor-element elementor-element-3ac9cc0\" data-id=\"3ac9cc0\" data-element_type=\"column\">\n\t\t\t<div class=\"elementor-column-wrap elementor-element-populated\">\n\t\t\t\t\t\t\t<div class=\"elementor-widget-wrap\">\n\t\t\t\t\t\t<div class=\"elementor-element elementor-element-4cce21d elementor-widget elementor-widget-image\" data-id=\"4cce21d\" data-element_type=\"widget\" data-widget_type=\"image.default\">\n\t\t\t\t<div class=\"elementor-widget-container\">\n\t\t\t\t\t\t\t\t<div class=\"elementor-image\">\n\t\t\t\t\t\t\t\t\t\t\t\t<img width=\"300\" height=\"229\" src=\"https:\/\/inesangelli.ch\/wp-content\/uploads\/2019\/11\/Logo432hzEQinverttransparent-300x229.png\" class=\"attachment-medium size-medium\" alt=\"\" loading=\"lazy\" srcset=\"https:\/\/inesangelli.ch\/wp-content\/uploads\/2019\/11\/Logo432hzEQinverttransparent-300x229.png 300w, https:\/\/inesangelli.ch\/wp-content\/uploads\/2019\/11\/Logo432hzEQinverttransparent-768x586.png 768w, https:\/\/inesangelli.ch\/wp-content\/uploads\/2019\/11\/Logo432hzEQinverttransparent-1024x781.png 1024w, https:\/\/inesangelli.ch\/wp-content\/uploads\/2019\/11\/Logo432hzEQinverttransparent.png 1646w\" sizes=\"(max-width: 300px) 100vw, 300px\" \/>\t\t\t\t\t\t\t\t\t\t\t\t\t\t<\/div>\n\t\t\t\t\t\t<\/div>\n\t\t\t\t<\/div>\n\t\t\t\t\t\t<\/div>\n\t\t\t\t\t<\/div>\n\t\t<\/div>\n\t\t\t\t<div class=\"elementor-column elementor-col-33 elementor-top-column elementor-element elementor-element-0e458b5\" data-id=\"0e458b5\" data-element_type=\"column\">\n\t\t\t<div class=\"elementor-column-wrap elementor-element-populated\">\n\t\t\t\t\t\t\t<div class=\"elementor-widget-wrap\">\n\t\t\t\t\t\t<div class=\"elementor-element elementor-element-f8fbd60 elementor-widget elementor-widget-heading\" data-id=\"f8fbd60\" data-element_type=\"widget\" data-widget_type=\"heading.default\">\n\t\t\t\t<div class=\"elementor-widget-container\">\n\t\t\t<h2 class=\"elementor-heading-title elementor-size-default\">Ines Angelli<\/h2>\t\t<\/div>\n\t\t\t\t<\/div>\n\t\t\t\t\t\t<\/div>\n\t\t\t\t\t<\/div>\n\t\t<\/div>\n\t\t\t\t<div class=\"elementor-column elementor-col-33 elementor-top-column elementor-element elementor-element-3db0295\" data-id=\"3db0295\" data-element_type=\"column\">\n\t\t\t<div class=\"elementor-column-wrap elementor-element-populated\">\n\t\t\t\t\t\t\t<div class=\"elementor-widget-wrap\">\n\t\t\t\t\t\t<div class=\"elementor-element elementor-element-437b582 elementor-widget elementor-widget-image\" data-id=\"437b582\" data-element_type=\"widget\" data-widget_type=\"image.default\">\n\t\t\t\t<div class=\"elementor-widget-container\">\n\t\t\t\t\t\t\t\t<div class=\"elementor-image\">\n\t\t\t\t\t\t\t\t\t\t\t\t<img width=\"800\" height=\"616\" src=\"https:\/\/inesangelli.ch\/wp-content\/uploads\/2019\/11\/Gesang64-1024x788.png\" class=\"attachment-large size-large\" alt=\"\" loading=\"lazy\" srcset=\"https:\/\/inesangelli.ch\/wp-content\/uploads\/2019\/11\/Gesang64-1024x788.png 1024w, https:\/\/inesangelli.ch\/wp-content\/uploads\/2019\/11\/Gesang64-300x231.png 300w, https:\/\/inesangelli.ch\/wp-content\/uploads\/2019\/11\/Gesang64-768x591.png 768w, https:\/\/inesangelli.ch\/wp-content\/uploads\/2019\/11\/Gesang64.png 1889w\" sizes=\"(max-width: 800px) 100vw, 800px\" \/>\t\t\t\t\t\t\t\t\t\t\t\t\t\t<\/div>\n\t\t\t\t\t\t<\/div>\n\t\t\t\t<\/div>\n\t\t\t\t\t\t<\/div>\n\t\t\t\t\t<\/div>\n\t\t<\/div>\n\t\t\t\t\t\t\t\t<\/div>\n\t\t\t\t\t<\/div>\n\t\t<\/section>\n\t\t\t\t<section class=\"elementor-section elementor-top-section elementor-element elementor-element-c1120f elementor-section-full_width elementor-section-height-default elementor-section-height-default\" data-id=\"c1120f\" data-element_type=\"section\">\n\t\t\t\t\t\t<div class=\"elementor-container elementor-column-gap-default\">\n\t\t\t\t\t\t\t<div class=\"elementor-row\">\n\t\t\t\t\t<div class=\"elementor-column elementor-col-16 elementor-top-column elementor-element elementor-element-6ddf7d9f\" data-id=\"6ddf7d9f\" data-element_type=\"column\">\n\t\t\t<div class=\"elementor-column-wrap elementor-element-populated\">\n\t\t\t\t\t\t\t<div class=\"elementor-widget-wrap\">\n\t\t\t\t\t\t<div class=\"elementor-element elementor-element-70986139 elementor-button-info elementor-widget__width-auto elementor-widget elementor-widget-button\" data-id=\"70986139\" data-element_type=\"widget\" data-widget_type=\"button.default\">\n\t\t\t\t<div class=\"elementor-widget-container\">\n\t\t\t\t\t<div class=\"elementor-button-wrapper\">\n\t\t\t<a href=\"https:\/\/inesangelli.ch\/\" class=\"elementor-button-link elementor-button elementor-size-xs\" role=\"button\">\n\t\t\t\t\t\t<span class=\"elementor-button-content-wrapper\">\n\t\t\t\t\t\t\t<span class=\"elementor-button-icon elementor-align-icon-left\">\n\t\t\t\t<i aria-hidden=\"true\" class=\"far fa-arrow-alt-circle-right\"><\/i>\t\t\t<\/span>\n\t\t\t\t\t\t<span class=\"elementor-button-text\">\u00fcber mich<\/span>\n\t\t<\/span>\n\t\t\t\t\t<\/a>\n\t\t<\/div>\n\t\t\t\t<\/div>\n\t\t\t\t<\/div>\n\t\t\t\t\t\t<\/div>\n\t\t\t\t\t<\/div>\n\t\t<\/div>\n\t\t\t\t<div class=\"elementor-column elementor-col-16 elementor-top-column elementor-element elementor-element-2c71bcd8\" data-id=\"2c71bcd8\" data-element_type=\"column\">\n\t\t\t<div class=\"elementor-column-wrap elementor-element-populated\">\n\t\t\t\t\t\t\t<div class=\"elementor-widget-wrap\">\n\t\t\t\t\t\t<div class=\"elementor-element elementor-element-2d948280 elementor-button-info elementor-widget__width-auto elementor-align-center elementor-widget elementor-widget-button\" data-id=\"2d948280\" data-element_type=\"widget\" data-widget_type=\"button.default\">\n\t\t\t\t<div class=\"elementor-widget-container\">\n\t\t\t\t\t<div class=\"elementor-button-wrapper\">\n\t\t\t<a href=\"https:\/\/inesangelli.ch\/index.php\/eq-und-432hz\/\" class=\"elementor-button-link elementor-button elementor-size-xs\" role=\"button\">\n\t\t\t\t\t\t<span class=\"elementor-button-content-wrapper\">\n\t\t\t\t\t\t\t<span class=\"elementor-button-icon elementor-align-icon-left\">\n\t\t\t\t<i aria-hidden=\"true\" class=\"far fa-arrow-alt-circle-right\"><\/i>\t\t\t<\/span>\n\t\t\t\t\t\t<span class=\"elementor-button-text\">gehirnf\u00f6rdernde Musik<\/span>\n\t\t<\/span>\n\t\t\t\t\t<\/a>\n\t\t<\/div>\n\t\t\t\t<\/div>\n\t\t\t\t<\/div>\n\t\t\t\t\t\t<\/div>\n\t\t\t\t\t<\/div>\n\t\t<\/div>\n\t\t\t\t<div class=\"elementor-column elementor-col-16 elementor-top-column elementor-element elementor-element-147eb16c\" data-id=\"147eb16c\" data-element_type=\"column\">\n\t\t\t<div class=\"elementor-column-wrap elementor-element-populated\">\n\t\t\t\t\t\t\t<div class=\"elementor-widget-wrap\">\n\t\t\t\t\t\t<div class=\"elementor-element elementor-element-6dee8314 elementor-button-info elementor-widget__width-auto elementor-widget elementor-widget-button\" data-id=\"6dee8314\" data-element_type=\"widget\" data-widget_type=\"button.default\">\n\t\t\t\t<div class=\"elementor-widget-container\">\n\t\t\t\t\t<div class=\"elementor-button-wrapper\">\n\t\t\t<a href=\"https:\/\/inesangelli.ch\/index.php\/balsam\/\" class=\"elementor-button-link elementor-button elementor-size-xs\" role=\"button\">\n\t\t\t\t\t\t<span class=\"elementor-button-content-wrapper\">\n\t\t\t\t\t\t\t<span class=\"elementor-button-icon elementor-align-icon-left\">\n\t\t\t\t<i aria-hidden=\"true\" class=\"far fa-arrow-alt-circle-right\"><\/i>\t\t\t<\/span>\n\t\t\t\t\t\t<span class=\"elementor-button-text\">CD Balsam<\/span>\n\t\t<\/span>\n\t\t\t\t\t<\/a>\n\t\t<\/div>\n\t\t\t\t<\/div>\n\t\t\t\t<\/div>\n\t\t\t\t\t\t<\/div>\n\t\t\t\t\t<\/div>\n\t\t<\/div>\n\t\t\t\t<div class=\"elementor-column elementor-col-16 elementor-top-column elementor-element elementor-element-1b0b5fc0\" data-id=\"1b0b5fc0\" data-element_type=\"column\">\n\t\t\t<div class=\"elementor-column-wrap elementor-element-populated\">\n\t\t\t\t\t\t\t<div class=\"elementor-widget-wrap\">\n\t\t\t\t\t\t<div class=\"elementor-element elementor-element-5cc8135c elementor-button-info elementor-widget__width-auto elementor-widget elementor-widget-button\" data-id=\"5cc8135c\" data-element_type=\"widget\" data-widget_type=\"button.default\">\n\t\t\t\t<div class=\"elementor-widget-container\">\n\t\t\t\t\t<div class=\"elementor-button-wrapper\">\n\t\t\t<a href=\"https:\/\/inesangelli.ch\/index.php\/kontakt\/\" class=\"elementor-button-link elementor-button elementor-size-xs\" role=\"button\">\n\t\t\t\t\t\t<span class=\"elementor-button-content-wrapper\">\n\t\t\t\t\t\t\t<span class=\"elementor-button-icon elementor-align-icon-left\">\n\t\t\t\t<i aria-hidden=\"true\" class=\"far fa-arrow-alt-circle-right\"><\/i>\t\t\t<\/span>\n\t\t\t\t\t\t<span class=\"elementor-button-text\">Kontakt<\/span>\n\t\t<\/span>\n\t\t\t\t\t<\/a>\n\t\t<\/div>\n\t\t\t\t<\/div>\n\t\t\t\t<\/div>\n\t\t\t\t\t\t<\/div>\n\t\t\t\t\t<\/div>\n\t\t<\/div>\n\t\t\t\t<div class=\"elementor-column elementor-col-16 elementor-top-column elementor-element elementor-element-50aee9a0\" data-id=\"50aee9a0\" data-element_type=\"column\">\n\t\t\t<div class=\"elementor-column-wrap elementor-element-populated\">\n\t\t\t\t\t\t\t<div class=\"elementor-widget-wrap\">\n\t\t\t\t\t\t<div class=\"elementor-element elementor-element-1bb07cec elementor-button-info elementor-widget__width-auto elementor-widget elementor-widget-button\" data-id=\"1bb07cec\" data-element_type=\"widget\" data-widget_type=\"button.default\">\n\t\t\t\t<div class=\"elementor-widget-container\">\n\t\t\t\t\t<div class=\"elementor-button-wrapper\">\n\t\t\t<a href=\"https:\/\/inesangelli.ch\/index.php\/links\/\" class=\"elementor-button-link elementor-button elementor-size-xs\" role=\"button\">\n\t\t\t\t\t\t<span class=\"elementor-button-content-wrapper\">\n\t\t\t\t\t\t\t<span class=\"elementor-button-icon elementor-align-icon-left\">\n\t\t\t\t<i aria-hidden=\"true\" class=\"far fa-arrow-alt-circle-right\"><\/i>\t\t\t<\/span>\n\t\t\t\t\t\t<span class=\"elementor-button-text\">Links<\/span>\n\t\t<\/span>\n\t\t\t\t\t<\/a>\n\t\t<\/div>\n\t\t\t\t<\/div>\n\t\t\t\t<\/div>\n\t\t\t\t\t\t<\/div>\n\t\t\t\t\t<\/div>\n\t\t<\/div>\n\t\t\t\t<div class=\"elementor-column elementor-col-16 elementor-top-column elementor-element elementor-element-6ac50b78\" data-id=\"6ac50b78\" data-element_type=\"column\">\n\t\t\t<div class=\"elementor-column-wrap elementor-element-populated\">\n\t\t\t\t\t\t\t<div class=\"elementor-widget-wrap\">\n\t\t\t\t\t\t<div class=\"elementor-element elementor-element-1f79fb7d elementor-button-info elementor-widget__width-auto elementor-widget elementor-widget-button\" data-id=\"1f79fb7d\" data-element_type=\"widget\" data-widget_type=\"button.default\">\n\t\t\t\t<div class=\"elementor-widget-container\">\n\t\t\t\t\t<div class=\"elementor-button-wrapper\">\n\t\t\t<a href=\"https:\/\/inesangelli.ch\/index.php\/datenschutz\/\" class=\"elementor-button-link elementor-button elementor-size-xs\" role=\"button\">\n\t\t\t\t\t\t<span class=\"elementor-button-content-wrapper\">\n\t\t\t\t\t\t\t<span class=\"elementor-button-icon elementor-align-icon-left\">\n\t\t\t\t<i aria-hidden=\"true\" class=\"far fa-arrow-alt-circle-right\"><\/i>\t\t\t<\/span>\n\t\t\t\t\t\t<span class=\"elementor-button-text\">Datenschutz und Impressum<\/span>\n\t\t<\/span>\n\t\t\t\t\t<\/a>\n\t\t<\/div>\n\t\t\t\t<\/div>\n\t\t\t\t<\/div>\n\t\t\t\t\t\t<\/div>\n\t\t\t\t\t<\/div>\n\t\t<\/div>\n\t\t\t\t\t\t\t\t<\/div>\n\t\t\t\t\t<\/div>\n\t\t<\/section>\n\t\t\t\t<section class=\"elementor-section elementor-top-section elementor-element elementor-element-ca013cb elementor-section-boxed elementor-section-height-default elementor-section-height-default\" data-id=\"ca013cb\" data-element_type=\"section\">\n\t\t\t\t\t\t<div class=\"elementor-container elementor-column-gap-default\">\n\t\t\t\t\t\t\t<div class=\"elementor-row\">\n\t\t\t\t\t<div class=\"elementor-column elementor-col-25 elementor-top-column elementor-element elementor-element-d7fbc3d\" data-id=\"d7fbc3d\" data-element_type=\"column\">\n\t\t\t<div class=\"elementor-column-wrap elementor-element-populated\">\n\t\t\t\t\t\t\t<div class=\"elementor-widget-wrap\">\n\t\t\t\t\t\t<div class=\"elementor-element elementor-element-3484b7d elementor-widget elementor-widget-text-editor\" data-id=\"3484b7d\" data-element_type=\"widget\" data-widget_type=\"text-editor.default\">\n\t\t\t\t<div class=\"elementor-widget-container\">\n\t\t\t\t\t\t\t\t<div class=\"elementor-text-editor elementor-clearfix\">\n\t\t\t\t<h6>H\u00f6rprobe &#8222;n\u00f6i Chraft&#8220;<\/h6><!--[if lt IE 9]><script>document.createElement('audio');<\/script><![endif]-->\n<audio class=\"wp-audio-shortcode\" id=\"audio-61-1\" preload=\"none\" style=\"width: 100%;\" controls=\"controls\"><source type=\"audio\/mpeg\" src=\"https:\/\/inesangelli.ch\/wp-content\/uploads\/2021\/11\/Ho\u0308rbeispiel-01-no\u0308i-Chraft.mp3?_=1\" \/><a href=\"https:\/\/inesangelli.ch\/wp-content\/uploads\/2021\/11\/Ho\u0308rbeispiel-01-no\u0308i-Chraft.mp3\">https:\/\/inesangelli.ch\/wp-content\/uploads\/2021\/11\/Ho\u0308rbeispiel-01-no\u0308i-Chraft.mp3<\/a><\/audio><h6>H\u00f6rprobe &#8222;tr\u00f6stet&#8220;<\/h6><audio class=\"wp-audio-shortcode\" id=\"audio-61-2\" preload=\"none\" style=\"width: 100%;\" controls=\"controls\"><source type=\"audio\/mpeg\" src=\"https:\/\/inesangelli.ch\/wp-content\/uploads\/2021\/11\/Ho\u0308rbeispiel-06-tro\u0308schtet.mp3?_=2\" \/><a href=\"https:\/\/inesangelli.ch\/wp-content\/uploads\/2021\/11\/Ho\u0308rbeispiel-06-tro\u0308schtet.mp3\">https:\/\/inesangelli.ch\/wp-content\/uploads\/2021\/11\/Ho\u0308rbeispiel-06-tro\u0308schtet.mp3<\/a><\/audio><h6>H\u00f6rprobe &#8222;min Hirt&#8220;<\/h6><audio class=\"wp-audio-shortcode\" id=\"audio-61-3\" preload=\"none\" style=\"width: 100%;\" controls=\"controls\"><source type=\"audio\/mpeg\" src=\"https:\/\/inesangelli.ch\/wp-content\/uploads\/2021\/11\/Ho\u0308rbeispiel-09-min-Hirt.mp3?_=3\" \/><a href=\"https:\/\/inesangelli.ch\/wp-content\/uploads\/2021\/11\/Ho\u0308rbeispiel-09-min-Hirt.mp3\">https:\/\/inesangelli.ch\/wp-content\/uploads\/2021\/11\/Ho\u0308rbeispiel-09-min-Hirt.mp3<\/a><\/audio><h6>H\u00f6rprobe &#8222;vertroue&#8220;<\/h6><audio class=\"wp-audio-shortcode\" id=\"audio-61-4\" preload=\"none\" style=\"width: 100%;\" controls=\"controls\"><source type=\"audio\/mpeg\" src=\"https:\/\/inesangelli.ch\/wp-content\/uploads\/2021\/11\/Ho\u0308rbeispiel-05-vertroue.mp3?_=4\" \/><a href=\"https:\/\/inesangelli.ch\/wp-content\/uploads\/2021\/11\/Ho\u0308rbeispiel-05-vertroue.mp3\">https:\/\/inesangelli.ch\/wp-content\/uploads\/2021\/11\/Ho\u0308rbeispiel-05-vertroue.mp3<\/a><\/audio><h6>H\u00f6rprobe &#8222;befreit&#8220;<\/h6><audio class=\"wp-audio-shortcode\" id=\"audio-61-5\" preload=\"none\" style=\"width: 100%;\" controls=\"controls\"><source type=\"audio\/mpeg\" src=\"https:\/\/inesangelli.ch\/wp-content\/uploads\/2021\/11\/Ho\u0308rbeispiel-10-befreit.mp3?_=5\" \/><a href=\"https:\/\/inesangelli.ch\/wp-content\/uploads\/2021\/11\/Ho\u0308rbeispiel-10-befreit.mp3\">https:\/\/inesangelli.ch\/wp-content\/uploads\/2021\/11\/Ho\u0308rbeispiel-10-befreit.mp3<\/a><\/audio><h6>H\u00f6rprobe &#8222;Wiisheit&#8220;<\/h6><audio class=\"wp-audio-shortcode\" id=\"audio-61-6\" preload=\"none\" style=\"width: 100%;\" controls=\"controls\"><source type=\"audio\/mpeg\" src=\"https:\/\/inesangelli.ch\/wp-content\/uploads\/2021\/11\/Ho\u0308rbeispiel-11-Wiisheit.mp3?_=6\" \/><a href=\"https:\/\/inesangelli.ch\/wp-content\/uploads\/2021\/11\/Ho\u0308rbeispiel-11-Wiisheit.mp3\">https:\/\/inesangelli.ch\/wp-content\/uploads\/2021\/11\/Ho\u0308rbeispiel-11-Wiisheit.mp3<\/a><\/audio><h6>H\u00f6rprobe &#8222;Helf&#8220;<\/h6><audio class=\"wp-audio-shortcode\" id=\"audio-61-7\" preload=\"none\" style=\"width: 100%;\" controls=\"controls\"><source type=\"audio\/mpeg\" src=\"https:\/\/inesangelli.ch\/wp-content\/uploads\/2021\/11\/Ho\u0308rbeispiel-08-Helf.mp3?_=7\" \/><a href=\"https:\/\/inesangelli.ch\/wp-content\/uploads\/2021\/11\/Ho\u0308rbeispiel-08-Helf.mp3\">https:\/\/inesangelli.ch\/wp-content\/uploads\/2021\/11\/Ho\u0308rbeispiel-08-Helf.mp3<\/a><\/audio><h6>H\u00f6rprobe &#8222;Jesus&#8220;<\/h6><audio class=\"wp-audio-shortcode\" id=\"audio-61-8\" preload=\"none\" style=\"width: 100%;\" controls=\"controls\"><source type=\"audio\/mpeg\" src=\"https:\/\/inesangelli.ch\/wp-content\/uploads\/2021\/11\/Ho\u0308rbeispiel-12-Jesus.mp3?_=8\" \/><a href=\"https:\/\/inesangelli.ch\/wp-content\/uploads\/2021\/11\/Ho\u0308rbeispiel-12-Jesus.mp3\">https:\/\/inesangelli.ch\/wp-content\/uploads\/2021\/11\/Ho\u0308rbeispiel-12-Jesus.mp3<\/a><\/audio>\t\t\t\t\t<\/div>\n\t\t\t\t\t\t<\/div>\n\t\t\t\t<\/div>\n\t\t\t\t\t\t<\/div>\n\t\t\t\t\t<\/div>\n\t\t<\/div>\n\t\t\t\t<div class=\"elementor-column elementor-col-50 elementor-top-column elementor-element elementor-element-63a62b9\" data-id=\"63a62b9\" data-element_type=\"column\">\n\t\t\t<div class=\"elementor-column-wrap elementor-element-populated\">\n\t\t\t\t\t\t\t<div class=\"elementor-widget-wrap\">\n\t\t\t\t\t\t<div class=\"elementor-element elementor-element-3b4e3ba elementor-widget elementor-widget-text-editor\" data-id=\"3b4e3ba\" data-element_type=\"widget\" data-widget_type=\"text-editor.default\">\n\t\t\t\t<div class=\"elementor-widget-container\">\n\t\t\t\t\t\t\t\t<div class=\"elementor-text-editor elementor-clearfix\">\n\t\t\t\t<p><strong>Mit \u201eBALSAM \u2013 Frede, Chraft &amp; Zueversicht\u201c<\/strong><\/p><p>erscheint erstmals ein Album von Ines Angelli. Heftige Tiefschl\u00e4ge im Leben liessen sie Lieder komponieren, um sich in ihrer Not an Gott zu wenden und wieder von Neuem auf zu stehen. Ihre sanften Lieder in 432Hz tr\u00e4ufeln wie Balsam in die Seele und verbreiten eine Atmosph\u00e4re von Frieden und Zuversicht.<\/p><p>\u201eIn meinen Liedern soll etwas von der Liebe und Heiligkeit Gottes sp\u00fcrbar werden und den Zuh\u00f6rer aufrichten und ermutigen, damit jede scheinbar auswegslose Situation von neuer Hoffnung und Frieden erf\u00fcllt werden kann.\u201c Ines Angelli<\/p><p>Was die Musik von Ines Angelli besonders macht, ist nebst der k\u00f6rperresonanten Tonfrequenz von 432Hz ihre positive Wirkung auf den Frontallappen. Erkenntnisse aus der Hirnforschung \u00fcber die Wirkung von Musik auf unser Gehirn setzte Ines Angelli zur Steigerung des EQ um.<\/p><p>Das Album eignet sich auch gut als Geschenk f\u00fcr Menschen in einer schwierigen Situation. Ein CD Player ist nicht n\u00f6tig, da im Booklet ein Downloadcode enthalten ist.<\/p>\t\t\t\t\t<\/div>\n\t\t\t\t\t\t<\/div>\n\t\t\t\t<\/div>\n\t\t\t\t\t\t<\/div>\n\t\t\t\t\t<\/div>\n\t\t<\/div>\n\t\t\t\t<div class=\"elementor-column elementor-col-25 elementor-top-column elementor-element elementor-element-75ef0bc\" data-id=\"75ef0bc\" data-element_type=\"column\">\n\t\t\t<div class=\"elementor-column-wrap elementor-element-populated\">\n\t\t\t\t\t\t\t<div class=\"elementor-widget-wrap\">\n\t\t\t\t\t\t<div class=\"elementor-element elementor-element-ea81094 elementor-widget elementor-widget-image\" data-id=\"ea81094\" data-element_type=\"widget\" data-widget_type=\"image.default\">\n\t\t\t\t<div class=\"elementor-widget-container\">\n\t\t\t\t\t\t\t\t<div class=\"elementor-image\">\n\t\t\t\t\t\t\t\t\t\t\t\t<img width=\"600\" height=\"536\" src=\"https:\/\/inesangelli.ch\/wp-content\/uploads\/2021\/11\/01-No\u0308i-Chraft-mp3-image.jpg\" class=\"attachment-large size-large\" alt=\"\" loading=\"lazy\" srcset=\"https:\/\/inesangelli.ch\/wp-content\/uploads\/2021\/11\/01-No\u0308i-Chraft-mp3-image.jpg 600w, https:\/\/inesangelli.ch\/wp-content\/uploads\/2021\/11\/01-No\u0308i-Chraft-mp3-image-300x268.jpg 300w\" sizes=\"(max-width: 600px) 100vw, 600px\" \/>\t\t\t\t\t\t\t\t\t\t\t\t\t\t<\/div>\n\t\t\t\t\t\t<\/div>\n\t\t\t\t<\/div>\n\t\t\t\t<div class=\"elementor-element elementor-element-456c0c8 elementor-widget elementor-widget-button\" data-id=\"456c0c8\" data-element_type=\"widget\" data-widget_type=\"button.default\">\n\t\t\t\t<div class=\"elementor-widget-container\">\n\t\t\t\t\t<div class=\"elementor-button-wrapper\">\n\t\t\t<a href=\"https:\/\/www.ilovejesus.ch\/produkt\/ines-angelli-balsam-frede-chraft-zueversicht\/\" class=\"elementor-button-link elementor-button elementor-size-sm\" role=\"button\">\n\t\t\t\t\t\t<span class=\"elementor-button-content-wrapper\">\n\t\t\t\t\t\t<span class=\"elementor-button-text\">hier CD bestellen<\/span>\n\t\t<\/span>\n\t\t\t\t\t<\/a>\n\t\t<\/div>\n\t\t\t\t<\/div>\n\t\t\t\t<\/div>\n\t\t\t\t\t\t<\/div>\n\t\t\t\t\t<\/div>\n\t\t<\/div>\n\t\t\t\t\t\t\t\t<\/div>\n\t\t\t\t\t<\/div>\n\t\t<\/section>\n\t\t\t\t\t\t\t\t\t<\/div>\n\t\t\t<\/div>\n\t\t\t\t\t<\/div>\n\t\t","protected":false},"excerpt":{"rendered":"<p>Ines Angelli \u00fcber mich gehirnf\u00f6rdernde Musik CD Balsam Kontakt Links Datenschutz und Impressum H\u00f6rprobe &#8222;n\u00f6i Chraft&#8220; H\u00f6rprobe &#8222;tr\u00f6stet&#8220; H\u00f6rprobe &#8222;min Hirt&#8220; H\u00f6rprobe &#8222;vertroue&#8220; H\u00f6rprobe &#8222;befreit&#8220; H\u00f6rprobe &#8222;Wiisheit&#8220; H\u00f6rprobe &#8222;Helf&#8220; H\u00f6rprobe &#8222;Jesus&#8220; Mit \u201eBALSAM \u2013 Frede, Chraft &amp; Zueversicht\u201c erscheint erstmals ein Album von Ines Angelli. Heftige Tiefschl\u00e4ge im Leben liessen sie Lieder komponieren, um sich [&hellip;]<\/p>\n","protected":false},"author":1,"featured_media":0,"parent":0,"menu_order":3,"comment_status":"closed","ping_status":"closed","template":"elementor_canvas","meta":[],"_links":{"self":[{"href":"https:\/\/inesangelli.ch\/index.php\/wp-json\/wp\/v2\/pages\/61"}],"collection":[{"href":"https:\/\/inesangelli.ch\/index.php\/wp-json\/wp\/v2\/pages"}],"about":[{"href":"https:\/\/inesangelli.ch\/index.php\/wp-json\/wp\/v2\/types\/page"}],"author":[{"embeddable":true,"href":"https:\/\/inesangelli.ch\/index.php\/wp-json\/wp\/v2\/users\/1"}],"replies":[{"embeddable":true,"href":"https:\/\/inesangelli.ch\/index.php\/wp-json\/wp\/v2\/comments?post=61"}],"version-history":[{"count":49,"href":"https:\/\/inesangelli.ch\/index.php\/wp-json\/wp\/v2\/pages\/61\/revisions"}],"predecessor-version":[{"id":467,"href":"https:\/\/inesangelli.ch\/index.php\/wp-json\/wp\/v2\/pages\/61\/revisions\/467"}],"wp:attachment":[{"href":"https:\/\/inesangelli.ch\/index.php\/wp-json\/wp\/v2\/media?parent=61"}],"curies":[{"name":"wp","href":"https:\/\/api.w.org\/{rel}","templated":true}]}}